e 8, what is -460 - 273?
-753
In base 7, what is 5 + -412002?
-411664
In base 5, what is -11 - 14040?
-14101
In base 6, what is 3 + 302502?
302505
In base 2, what is 10101011 - -1101100110?
10000010001
In base 7, what is -5 + -431160?
-431165
In base 8, what is -425 - 3664?
-4311
In base 4, what is -31100111003 - -1?
-31100111002
In base 14, what is -b74 + -56?
-bca
In base 10, what is -478 - 41?
-519
In base 5, what is -124233 - -2?
-124231
In base 3, what is -1211 + -2121121?
-2200102
In base 15, what is -6 - -37ca?
37c4
In base 10, what is -8696 + -68?
-8764
In base 9, what is 102 + 505?
607
In base 2, what is 10000 - 101000000111?
-100111110111
In base 6, what is 30230 + 2?
30232
In base 14, what is -61 - 6217?
-6278
In base 13, what is 3c - 3a7?
-368
In base 13, what is -70 + -5b43?
-5bb3
In base 5, what is -10 + 301343012?
301343002
In base 14, what is 216 + 4b?
263
In base 4, what is 11 - 30233132?
-30233121
In base 8, what is -36552 + -5?
-36557
In base 16, what is ec + -23?
c9
In base 12, what is 30 + 1230?
1260
In base 13, what is -3220 + 318?
-2c05
In base 13, what is -17 - -104a6?
1048c
In base 5, what is -22 + 1141223?
1141201
In base 14, what is 2 - 31270?
-3126c
In base 12, what is 4 + 75226?
7522a
In base 4, what is -1123220 + -110?
-1123330
In base 6, what is 31131323 + 0?
31131323
In base 8, what is 2 - -520?
522
In base 10, what is 64809 + -5?
64804
In base 14, what is 4 - -55a?
560
In base 16, what is -14 + 277?
263
In base 7, what is 230 - -2015?
2245
In base 7, what is 2010245 + 43?
2010321
In base 5, what is 3 + -4400010?
-4400002
In base 13, what is 17 - 3232?
-3218
In base 9, what is 15 + -14600?
-14574
In base 5, what is 2 - 421314?
-421312
In base 5, what is 2404 + -44?
2310
In base 16, what is -5 - -1c1ddf?
1c1dda
In base 10, what is -46 + -374?
-420
In base 9, what is 33473 + -2?
33471
In base 7, what is -402 + 3530?
3125
In base 5, what is 10 - 34?
-24
In base 14, what is 3 - -36c3c?
36c41
In base 14, what is 5 - -7307b?
73082
In base 6, what is 3544342 - -2?
3544344
In base 10, what is -466 - 3532?
-3998
In base 11, what is -9 + -15a86?
-15a94
In base 9, what is -285501 + -1?
-285502
In base 12, what is -7 + 4499?
4492
In base 12, what is -254 + 427?
193
In base 4, what is -1001 - -1331020?
1330013
In base 8, what is 5 + 27101?
27106
In base 7, what is -646 - -112?
-534
In base 10, what is 4 - 12758?
-12754
In base 14, what is -114c - 87?
-11d5
In base 8, what is 24701523 + 0?
24701523
In base 14, what is -68 - 5ca?
-654
In base 5, what is -300 - -3442?
3142
In base 15, what is 508 - -6ad?
bb6
In base 14, what is -2 + 101a9?
101a7
In base 9, what is 4 + 237477?
237482
In base 5, what is 211413 - 2?
211411
In base 5, what is -10 - 4002144?
-4002204
In base 15, what is -6573 - 116?
-6689
In base 14, what is 2a82c3 + -5?
2a82bc
In base 3, what is 11211121020 - 1?
11211121012
In base 14, what is -44d - -4?
-449
In base 3, what is 110121021 + -22110?
110021211
In base 5, what is 1 + 2433141?
2433142
In base 16, what is 127adc - -1?
127add
In base 4, what is 102310 - 1301?
101003
In base 16, what is -59 + 131?
d8
In base 6, what is -1033 - -322333?
321300
In base 8, what is 3 - -105475?
105500
In base 9, what is -3 - -531206?
531203
In base 12, what is -9a4 + 11?
-993
In base 14, what is -3d92d - -2?
-3d92b
In base 13, what is -876 - -1?
-875
In base 4, what is -330100 + 0?
-330100
In base 12, what is 98 - 1a8?
-110
In base 14, what is -2 + -1c6471?
-1c6473
In base 4, what is -3012 + -23332?
-33010
In base 11, what is -6 + -14741?
-14747
In base 3, what is 21 + 12011022?
12011120
In base 12, what is 187 + 2998?
2b63
In base 16, what is -3dacb - -1c?
-3daaf
In base 16, what is -6 + -3e63?
-3e69
In base 7, what is -344214 + -3?
-344220
In base 3, what is 2012021201011 - 1?
2012021201010
In base 3, what is -10000112120 - 100?
-10000112220
In base 6, what is -213013 - -210?
-212403
In base 6, what is 5 - 22545?
-22540
In base 11, what is -4 - -a3867?
a3863
In base 4, what is 30 + -1002321?
-1002231
In base 4, what is 23203120 + 3?
23203123
In base 11, what is 966 - 19?
948
In base 15, what is -129353 - -5?
-12934d
In base 5, what is -3301340 - 10?
-3301400
In base 6, what is 15121035 - -1?
15121040
In base 11, what is -8 + -11992?
-1199a
In base 5, what is -14 + -14400?
-14414
In base 15, what is 5 - 167702?
-1676ec
In base 11, what is -237 - -2a3?
67
In base 12, what is 3 + -9861b?
-98618
In base 16, what is -6 - 1a12?
-1a18
In base 15, what is 29 + -ac36?
-ac0c
In base 7, what is -23 + 15516?
15463
In base 8, what is -324533 - -1?
-324532
In base 8, what is 35 + -210?
-153
In base 10, what is -1 + 3748?
3747
In base 16, what is 4 - -2d32?
2d36
In base 11, what is -4227 - -2?
-4225
In base 3, what is 212022200110 + 10?
212022200120
In base 14, what is b + -116b8?
-116ab
In base 15, what is 5a22c + -4?
5a228
In base 9, what is -170175 + -7?
-170183
In base 8, what is 137651 - -1?
137652
In base 16, what is 5c + 1c?
78
In base 3, what is -121211 + -11221?
-210202
In base 7, what is 1515563 - -3?
1515566
In base 3, what is -2102200200112 + 1?
-2102200200111
In base 2, what is -100 - 11110010010101110?
-11110010010110010
In base 2, what is -110 + 10111010110111?
10111010110001
In base 16, what is 4e - 2ab4?
-2a66
In base 13, what is 7b056 - -2?
7b058
In base 12, what is 2263 - 2?
2261
In base 9, what is 5345 - 15?
5330
In base 9, what is 5 - 6212?
-6206
In base 13, what is 2b7 - 149?
16b
In base 11, what is -1 - -15314a?
153149
In base 2, what is 11 - -11000111111001000111?
11000111111001001010
In base 5, what is 223222121 - 10?
223222111
In base 11, what is -70256 + -5?
-70260
In base 4, what is 1031312 + -3?
1031303
In base 3, what is -12 + -112212020?
-112212102
In base 8, what is 4 - -256773?
256777
In base 14, what is -3d22 - b1?
-3dd3
In base 4, what is 11303223 - -1?
11303230
In base 9, what is 22004 + 7?
22012
In base 15, what is -25b45 - -6?
-25b3e
In base 10, what is 10567 + 7?
10574
In base 8, what is 661 - -20010?
20671
In base 11, what is -3 + 80869?
80866
In base 8, what is 1 + -477761?
-477760
In base 13, what is -2a825 + -4?
-2a829
In base 6, what is -142405 - -305?
-142100
In base 14, what is -19 - ad3?
-b0c
In base 8, what is 1 - -7215553?
7215554
In base 3, what is -1 + -100120102020?
-100120102021
In base 11, what is -9a75 + -289?
-a253
In base 13, what is -329 - 277?
-5a3
In base 13, what is -1 - 31b8?
-31b9
In base 6, what is -11510 - -5?
-11501
In base 8, what is -1671 - -33?
-1636
In base 16, what is -ccc - -a?
-cc2
In base 9, what is 806 + -357?
438
In base 6, what is -5 + 43331?
43322
In base 12, what is 33 + 1258?
128b
In base 16, what is -3187 - 3?
-318a
In base 5, what is -3 + -4010104?
-4010112
In base 10, what is -5 + -121690?
-121695
In base 16, what is 2 - 12057?
-12055
In base 9, what is 3 - -3680?
3683
In base 11, what is 5 + 2956?
2960
In base 10, what is 343 + 485?
828
In base 13, what is 1 - 33b0a?
-33b09
In base 6, what is -4 - -54335?
54331
In base 14, what is -a - 1d26?
-1d32
In base 6, what is 5 - 50320523?
-50320514
In base 14, what is 2 + 9a87?
9a89
In base 7, what is 1535503 - 11?
1535462
In base 11, what is -a7 - 7172?
-7269
In base 16, what is -8cc75 - 1?
-8cc76
In base 4, what is -1 - -1002120?
1002113
In base 15, what is 14a7 - -12?
14b9
In base 10, what is -12 - -280731?
280719
In base 13, what is -4 - -19ac?
19a8
In base 8, what is 166 + 1317?
1505
In base 9, what is -383 - 113?
-506
In base 8, what is 1 - -2050?
2051
In base 11, what is -4923 + 2?
-4921
In base 16, what is -2e5f4 + -4?
-2e5f8
In base 9, what is 5 - -20468?
20474
In base 8, what is -5 - -60720?
60713
In base 11, what is 173 + -294?
-121
In base 6, what is 330 + 2325?
3055
In base 16, what is 169f - -33?
16d2
In base 15, what is 1445 - 9?
143b
In base 14, what is 2a7 - a7?
200
In base 3, what is -10 + -10120010001?
-10120010011
In base 7, what is 6013623 - -5?
6013631
In base 13, what is -6 + -1387b?
-13884
In base 4, what is 10321 + -321?
10000
In base 14, what is 2 - 39d6?
-39d4
In base 2, what is 10010 - 110001111010?
-110001101000
In base 9, what is 5 + -152066?
-152061
In base 6, what is -30 + -131531?
-132001
In base 15, what is -113ae - -4?
-113aa
In base 12, what is 38788 + 0?
38788
In base 11, wh